. List the prime factors of b.
13
Let o be ((-10)/20)/((-1)/(-18)). Let t = 35 + o. What are the prime factors of t?
2, 13
Let p = -173 + 258. What are the prime factors of p?
5, 17
Let g be (-17)/(-3) - 5/(-15). Let s = g - 12. Let x = 11 - s. What are the prime factors of x?
17
Suppose 3793 + 6961 = 38*d. List the prime factors of d.
283
Suppose 0 = -2*m + 5*u + 13, 7*m - 2*m - 1 = 2*u. What are the prime factors of (11 - m)*(2 + (-2)/(-8))?
3
Let z(m) = 7*m**3 + m**2 - 1. Let d be z(-1). Let q be 2/(-4) + (-2 - (-31)/2). Let j = d + q. List the prime factors of j.
2, 3
List the prime factors of 8/12 + 2/(24/6628).
7, 79
Let k(h) = h**2 + 5*h - 6. Let w be k(-5). Let o(n) = -n**3 - 5*n**2 + 9*n + 24. Let r be o(-2). List the prime factors of 2/r - 104/w.
17
Let y(a) be the first derivative of 1/3*a**3 + 5 + 3*a - a**2. List the prime factors of y(5).
2, 3
Let v(q) = -q + 16. Suppose -4*w - 5*m + 63 = 0, -w + 2*m + 0*m + 6 = 0. Let t be v(w). What are the prime factors of 7 - t/((-16)/(-4))?
2, 3
Let i be (-1 - 3) + 2/(-1). Let o = -2 - i. Let h = 33 - o. List the prime factors of h.
29
Let w(p) = -4*p**2 - 2*p + 1. Let q be w(1). Let x = q - -7. What are the prime factors of (3/x)/(3/20)?
2, 5
Suppose -16 = -4*u - 0. Let w = 40 - 40. What are the prime factors of -50*(w + (-2)/u)?
5
Let b(x) = -27*x + 10. Let r be ((-20)/(2 + 2))/1. What are the prime factors of b(r)?
5, 29
Let z = 3 - 3. Suppose u + 0*u - 8 = z. Suppose u*x = 3*x + 65. What are the prime factors of x?
13
What are the prime factors of 35924/14 + 11 + -2?
5, 103
Let t = -4 + 10. Suppose 0 = -5*a - t + 31. List the prime factors of (2/(-5))/(a/(-450)).
2, 3
List the prime factors of (2 + -1 - 1258/68)*-2.
5, 7
Let x = 2210 - 1297. What are the prime factors of x?
11, 83
Suppose -c + 198 = 3*p + 2*p, -2*p = 4*c - 738. What are the prime factors of c?
3, 61
Let b(w) = -303*w**3 + 7*w**2 + 6*w - 14. What are the prime factors of b(-2)?
2, 1213
Let g(w) = -w + 13. Let z be g(0). Let h(j) = -j**2 + 16*j - 3. What are the prime factors of h(z)?
2, 3
Let y be 133 - (3 + -3 + -1 + 4). Suppose t - 7*h = -8*h + y, 0 = -2*t + 3*h + 235. What are the prime factors of t?
5
Let h = 58 - 181. Let a = h - -198. List the prime factors of a.
3, 5
List the prime factors of ((-1)/(-2) - 2)/((-18)/3576).
2, 149
List the prime factors of (18 - -249)*23/3.
23, 89
Let r be 1495/(-10)*(-4)/2. Suppose -5*o + 1284 - r = 0. List the prime factors of o.
197
Suppose -423 = -5*c + 1637. What are the prime factors of c?
2, 103
Let g(z) = 43*z**2 + 16. List the prime factors of g(5).
1091
Suppose 0*m + 6 = -2*m. Let k be ((-3)/m)/((-1)/23). Let f = 5 - k. What are the prime factors of f?
2, 7
Let r(z) = 5*z + 5*z**2 - 13 - 12 + 26 - z**3. Let i be r(5). Let c = i + -23. What are the prime factors of c?
3
Let b(c) = -c + 10. Let l be b(7). Suppose -1 = d + 3. What are the prime factors of (l - (7 + d)) + 39?
3, 13
Let z = 2 - 9. Let u(f) be the third derivative of -f**6/120 - 7*f**5/60 + f**4/24 + 5*f**3/3 + f**2. List the prime factors of u(z).
3
Suppose 0 = 3*g - 15, 14*x - 17*x = -4*g - 2266. List the prime factors of x.
2, 3, 127
Suppose 0 = -17*j + 9*j + 10256. What are the prime factors of j?
2, 641
Let u(i) = i**2 + 7*i + 2. Let m(l) = -l + 1. Let v(d) = -6*m(d) + u(d). Let s be v(-7). Let w = -37 - s. List the prime factors of w.
3
Let t(k) = k**2 - 13*k + 22. Let w be t(15). Suppose -4*i + w - 284 = 0. Let b = 83 + i. List the prime factors of b.
5
Suppose -5*z - 3*n + 47 = 0, 2*n + 5 = z - 7. Let j be (3 + (4 - 2))*-1. Let h = z + j. List the prime factors of h.
5
Let n be 25*((-6)/(-21))/(5/7). Suppose 5*l - n = 3*y, l + 11 + 9 = 5*y. What are the prime factors of l?
5
Suppose 0 = -4*u + 2*u - 2, -2*j = 5*u - 25. Suppose -j = 5*n, f - 5*n - 9 = -2*n. Suppose -10*y + 3*y + 21 = f. What are the prime factors of y?
3
List the prime factors of -4 + (1 + -1011)/(-7 - -5).
3, 167
Let a(l) = 2*l**3 + 2*l**2 - 2*l + 5. Let b be a(4). Suppose 47 = 4*g - b. Suppose 42 = 2*x + 2*c, 0*c = 3*x - 3*c - g. List the prime factors of x.
19
Suppose 0 = -7*k + 17401 - 2414. List the prime factors of k.
2141
Suppose -10*g + 5*g + 60 = 0. List the prime factors of g.
2, 3
Let d = -2665 - -6577. List the prime factors of d.
2, 3, 163
Let x be (-3 + -2 - -4)*-8. Let c be 172/x - 6/(-4). Suppose 4*b - 139 = -c. What are the prime factors of b?
29
Let q be (-3)/4 + 185/(-4). Let i = q - -126. What are the prime factors of i?
79
Let l = -143 - -407. Suppose -4*d + 7*d = l. List the prime factors of d.
2, 11
Let v be 20/3*240/25. Let p = v + -37. What are the prime factors of p?
3
Let s(x) = 21*x - 99. Let n(y) = -3*y + 14. Let v(i) = -27*n(i) - 4*s(i). What are the prime factors of v(-6)?
2, 3
Let x = 414 - -415. Suppose -d - 4*q = -814, -d + 0*d - q + x = 0. What are the prime factors of d/36 + 1/(-6)?
23
Let o = -238 - -97. Let r = o + 227. List the prime factors of r.
2, 43
Suppose -o = -2*o - 4*v + 1983, 0 = -5*o - 5*v + 9915. What are the prime factors of o?
3, 661
Let x = -60 - 494. List the prime factors of 5/10 - x/4.
139
Let z(g) = 7*g**2 - 3*g + 13. Suppose -b = b + 12. What are the prime factors of z(b)?
283
Let q(v) = -2*v**3 - v**2 + 5*v + 55. What are the prime factors of q(-6)?
421
Suppose 2*v + 2188 = 4*h, -5*h = -0*v + 4*v - 2709. List the prime factors of h.
5, 109
Let o = -12 + 12. Let i be o/2 + (-3 - -7). Suppose -i*j = -0*j - 56. What are the prime factors of j?
2, 7
Let i = 1 - -1. Let h be (i + 8/(-3))*3. List the prime factors of (23 + -20)/(h/(-18)).
3
Suppose 14 + 6 = y. Suppose -2*d + 0*d + y = 0. Let l = d + 1. What are the prime factors of l?
11
Let d(n) = 45*n**2 + n + 17. Let j(x) = -11*x**2 - 4. Let p(h) = -2*d(h) - 9*j(h). What are the prime factors of p(3)?
7, 11
Suppose -3 = -2*l - 45. Let z(b) = -b - 14. Let u be z(l). Suppose -2*o + 67 = -u. List the prime factors of o.
37
Let l(c) = 7*c**2 - 7*c - 5. Let i(o) = -3*o**2 + 4*o + 2. Let g(z) = -5*i(z) - 2*l(z). List the prime factors of g(-4).
2, 5
Let m(c) = -c**2 - 8*c - 15. Let v be m(-5). Suppose -2*j = 5*i - 123, -i = -v*i + 3*j - 22. What are the prime factors of i?
5
Suppose 5*c = -12 - 8. Let s = -8 - c. What are the prime factors of 2/(s/(-58))*1?
29
Let l(q) = -q + 15. Let v be l(7). Suppose -4*z = -6*z + v. Suppose -5*c - 55 = -x, 26 + 179 = z*x - 5*c. What are the prime factors of x?
2, 5
Let h(x) = 0*x**2 + x**2 + 4467*x - 4456*x - 18. Let b(y) = 4*y. Let d be b(-4). List the prime factors of h(d).
2, 31
Suppose -2*m - 3*m = -4*u - 141, -16 = 4*u. Suppose -v = -m - 54. What are the prime factors of v?
79
Let r(x) = 5*x + 37. Let g be r(0). Let t = g + -29. What are the prime factors of t?
2
Let d = 4045 - 25. What are the prime factors of d?
2, 3, 5, 67
Suppose 2*g - z - 5223 = 0, 2*z - 4609 = -5*g + 8471. List the prime factors of g.
2, 1307
Suppose -5*v + 4*f = -5888, 26*v = 21*v + 3*f + 5886. List the prime factors of v.
2, 3, 7
Suppose 2*i = 3*i + z - 103, 5*z = -20. Suppose 2*p = i + 201. Suppose t = -5*r + p, -3*r + 0*t = -2*t - 95. List the prime factors of r.
31
Suppose -4*p - 626 + 42 = 0. Let u = p + 83. List the prime factors of u/(3 + -3 + -1).
3, 7
Let a(h) = h**3 - 7*h**2 - 11*h + 27. Let u be a(8). Suppose 0 = -p - 4 + 1, -p = -u*s + 294. What are the prime factors of s?
97
Let p(i) = 2*i**3 - 24*i**2 + 13*i - 2. Let z be p(15). Suppose 5*m = 2*o + 3*o + 1515, 0 = 5*m + 2*o - z. List the prime factors of m.
307
Suppose 1725 = 5*q - 5*v, 0 = -2*q - 3*v - v + 708. What are the prime factors of q?
2, 3, 29
Suppose 5*g - 173 - 77 = 0. Let y = g + -31. List the prime factors of y.
19
Let j(t) = 2*t**2 - 11*t + 10. Let b = 69 + -60. List the prime factors of j(b).
73
Let w = -772 + 3418. What are the prime factors of w?
2, 3, 7
What are the prime factors of (-8)/(-2) - (-10 - 20)?
2, 17
Let s be (-6 - 0)/(0 + -1). Suppose 0 = -13*h + 15*h - s. Suppose -h*d + d = -96. What are the prime factors of d?
2, 3
Let v = 117 - 109. Suppose 0 = v*i - 15*i + 462. What are the prime factors of i?
2, 3, 11
Suppose 4311 = 5*w - 2*w. What are the prime factors of w?
3, 479
Let k(p) = -34*p - 10. Let j be k(-5). Let q = 229 - j. What are the prime factors of q?
3, 23
Let k(i) = -3*i + 56. Let u be k(14). List the prime factors o